+ (-3483 - -3384).
-68
What is 5 - (-54 + 28 + 47)?
-16
What is (-77 - -62) + -71 + 32?
-54
What is -144 - (43 + -1 + -101)?
-85
What is (18 - -7) + 7 - (0 + 1 - (4 + -7))?
28
What is the value of -9 - (35 - -7 - 5 - (-6 - (-2 + -11)))?
-39
What is the value of -285 + 268 - (-7 + 4 - 14)?
0
54 + 4 - 2 - (1 + -2 + -23 + 19)
61
(120 - (147 - 54)) + 24 + 0
51
Evaluate 7 + 4 + -91 + 0 + (-14 - -2 - -27).
-65
Calculate 12 + (11 - 32) + 45 + -23.
13
Calculate -37 - ((64 - (3 - -52)) + (-17 - -2)).
-31
What is 5 - (7 + 59) - (-12 + 34 + -23)?
-60
(24 - (-23 - -56)) + -1 + (8 - -40)
38
Evaluate (-11 - -11 - 4) + (-15 + 9 - 22).
-32
(-37 - -46) + (-14 - 1) + 22 + -60
-44
What is 1635 + -1625 + (-68 - -5 - (0 - -1))?
-54
Calculate 32 + (-24 - 55) + 36.
-11
Evaluate 64 + -14 - 8 - 41 - (2 - 107).
106
Evaluate 14 + -17 + -1 + (10 - -34).
40
What is -84 - (-18 - ((4 - -1 - 14) + 3))?
-72
Evaluate -5 + -4 + ((20 - 10) + 14 - 111).
-96
-21 - (63 + -43) - 0
-41
-13 - (-10 + 15 + -8 - (35 - 6)) - 7
12
Calculate 6 + (-22 - -6) - (-50 - -37).
3
Calculate (3 - (39 + -36 + 17 + -5)) + 87.
75
Calculate -38 + 36 + -6 + (-16 - -83) + (1 - 1).
59
What is -28 - (-67 + -38 + 70)?
7
What is (-3 - (23 + 5) - -3 - 9) + 8 - 7?
-36
-8 - (-6 + (2 - -5) - -1)
-10
Calculate (98 + -93 - (-6 - 114)) + 12 + -13.
124
Evaluate -18 + 24 - (13 - -4) - ((50 - -1) + 0).
-62
What is the value of 0 + 36 + (146 - -67 - 269)?
-20
What is the value of -73 + (-17 - -48) - -110?
68
Calculate (13 + (-24 - -6) - -6) + -17.
-16
Evaluate 6 + -38 + 7 + -5 - (-38 - -39).
-31
What is 10 + (8 - (50 + -18) - 0) - -3?
-11
What is the value of -33 + 36 + 0 + -8 + 4 + -67 + 8?
-60
17 + (2 - (-123 - -127 - (0 - -48)))
63
What is the value of (-2 + 7 - (9 - 13)) + (1 - 62) + -11?
-63
What is -60 - -36 - (32 - 12)?
-44
0 + 33 + -2 - ((-26 - -20) + 11) - -12
38
What is -213 - (7 - (35 + 95))?
-90
12 - (-16 + -1 - (-213 - -208))
24
Calculate 25 - (2 + 47) - 19 - (9 + 0).
-52
Calculate (13 - 48) + 27 - (-9 + -3 - 1).
5
What is the value of 1 + -40 + -5 - (53 - -40)?
-137
What is the value of 8 + 0 + (16 - -3) - (1 + 2 + 0)?
24
Evaluate 14 + -54 + 6 + -24.
-58
What is (-12 - -24) + (51 - (-12 - -33))?
42
What is -17 + 77 + 55 - 68?
47
Calculate (-10 - 2 - -40) + -11 + 0 + 5.
22
Evaluate (15 - -6 - 24) + 2.
-1
Evaluate (-1029 - -1120) + (-84 - 7).
0
What is (72 - 101) + 86 - -54?
111
Calculate (60 - 3) + 11 + (-19 - (-17 + 12)).
54
1183 + -1199 + 33 + -1 + -94
-78
16 + 8 - 18 - (-1 - 39) - 3
43
What is (1 - 6) + (-18 - -35) + 40 - 13?
39
Calculate 124 - 3 - (-19 - -39 - -4 - (-4 - -22)).
115
What is the value of (-7 + 38 - 96) + -26 + 20?
-71
Calculate 21 - (12 - 17 - -118) - (1 + 23).
-116
(-22 - 19 - -47) + -42
-36
What is -51 + -27 + (-28 - -62)?
-44
What is 69 + 170 + -297 - (-43 - 0)?
-15
-42 + (82 - 19) + -27
-6
Calculate -73 + (-10 - ((2 - (14 + -2)) + (46 - 48))).
-71
What is the value of (-5 - 10) + (4 - (-28 + 28))?
-11
Calculate (2 - (4 + 81)) + (175 - 168) - (2 - 11).
-67
0 - (-47 - -1) - (-7 - ((-24 - -8) + 9))
46
Calculate 21 + -4 - 21 - ((-1 - -18) + -10).
-11
Evaluate -6 + 1 + -11 + 9 + 18.
11
(151 - 201) + (10 - 5 - -8)
-37
Evaluate -320 + 334 + (-5 - 29).
-20
What is 32 + (33 + -19 - -13) + -25?
34
Calculate 13 - (27 - ((13 - 0) + -25 + 8)).
-18
(38 - (57 - 39)) + -11
9
Evaluate (-5 - (-25 + 30)) + (-1 - -3) + 0 - -98.
90
What is -14 + (-24 - -49) + (-22 - (-3 + 0))?
-8
What is the value of -325 + 362 + (1 - 7) - -41?
72
Calculate (9 + -6 + -11 - -5) + (-17 - -22 - 14).
-12
(13 - 2) + (36 - 124) + 74 + -76 + 0
-79
Calculate 53 - (-1 + 1 - (464 + -494)).
23
13 + -27 + 14 + -368 + 333
-35
Evaluate -17 + 15 + -5 + 6 + 2 - -38.
39
Calculate (8 - 12) + (-16 - 3 - 10 - 15).
-48
What is 232 - 201 - ((8 - 14) + 6 + -2)?
33
What is the value of -8 - (-57 + 117 + -70 + -64 + 1 + -2)?
67
Evaluate -122 + 103 - (-1 - 10).
-8
What is the value of -3 + -3 + 0 + 2 + 3 + 130 + -198?
-69
(-5 - -1) + (8 - (-25 + 34))
-5
Calculate 11 + -6 - 56 - (12 - 4).
-59
What is the value of 42 + (57 - (107 - 103))?
95
Evaluate -33 + (9 - 0) - -78.
54
What is -18 + 69 + 2 + -123 - (-12 + -2 + 0)?
-56
Calculate (-1 - (2 + -18) - (-18 + 21)) + (-122 - -121).
11
Calculate (2 - -2) + -39 + 40 + 87 + -5 + 5.
92
What is (-54 - -23) + -650 + 721?
40
What is the value of -3 + 1 + -5 - (-55 - (58 - 33))?
73
What is 7 - (-31 + (61 - 14))?
-9
23 - (-42 + (-14 + 23 - -24))
32
Evaluate (-26 + 12 - -19) + -40 + (5 - -2).
-28
What is 0 + 46 - (3027 - 2945)?
-36
Calculate 24 + -114 + (6 - 11) + -2.
-97
Evaluate 8 + 114 + (-728 - -599).
-7
What is 85 + -10 + -29 + -35?
11
Evaluate 18 + 18 + (-80 - 12 - -13).
-43
Calculate 19 - -3 - (25 + (-24 - 72)).
93
Evaluate 27 - (-18 + 3 - (169 + -181)).
30
-19 + 50 + (-23 - 0) - 0
8
Calculate 60 - (-13 - -47) - (0 + -49).
75
What is (2 + 1 - (571 + -582)) + 43?
57
Calculate -155 + -88 + 227 - (-22 + -2 + 2).
6
What is 0 - (9 + (-3 - (-4 - -5)) - (-15 - 18))?
-38
3 + (-4 + 4 + -4 - (-72 + 65))
6
What is the value of 107 + (-57 - (51 - -12))?
-13
Calculate 8 - (-46 - (58 - (-4 + -20))).
136
What is the value of 21 - (217 + -227 + 4 + -1)?
28
What is the value of -22 - (-4 + -20 + (-18 - -33))?
-13
Calculate (11 - -5) + -12 + 0 - (0 + 22).
-18
Calculate -1 - (11 + -4) - (-15 + -7 + 45 - -3).
-34
(0 + 1 - -18) + (-4801 - -4801)
19
8 + -16 + -14 + (-16 - -20)
-18
Calculate 5343 + -5327 - ((6 - 5 - (0 + 0)) + -11).
26
Evaluate 13 + (-10 - -1) + 46 + (-3 - 7).
40
Evaluate 4 - (12 + (-2 - (6 - -16))).
16
Calculate 5 - 6 - (-24 + -19 + 32) - -37.
47
What is the value of 1 + -28 - (-41 - (-103 + 63))?
-26
(-1 - ((5 - 13) + 3)) + -8 + (54 - 49)
1
(66 - (-51 - -84)) + 41
74
What is the value of -12 + (-11 - (7 + -17)) + 17?
4
(17 - 4) + 32 + 22 + -20
47
Calculate 3 + -17 + -90 + 101 + (2 - 99).
-100
What is 34 + (-17 - -68) + -137?
-52
(2 - 7) + (81 - (37 - (48 - 5)))
82
What is the value of -78 - (-8 - (224 - 63))?
91
What is the value of 6 + 8 + -22 - (2 + -5 - -19)?
-24
Calculate 7 + 1 + -4762 + 4854.
100
20 - (-99 + 114 + -38)
43
What is the value of (0 - -20) + (191 - (-153 - -391))?
-27
88 + (1 - 34 - (3 + -7))
59
(5168 - 5212) + 7 + -4
-41
What is the value of (113 - (43 + -40)) + 12?
122
What is -9 + -2 + -2 - (-2 + 6 + -1)?
-16
0 - 60 - (124 + -44 + -92) - -4
-44
1 + 0 - (0 + 6 - 14) - (11 + 29)
-31
What is the value of 34 - 5 - -20 - -20 - 17?
52
Calculate 61 + -72 + 8 + -35.
-38
Evaluate 4 + -9 - (126 + -159).
28
-74 + ((12 - -32) + -25 - 37)
-92
What is (-16488 - -16471) + (1 - -63)?
47
(-158 - -134) + (7 - 50 - -12)
-55
Evaluate 77 + -10 + -6 + (-16 - -2 - -25).
72
What is 137 - (85 + 13) - 86?
-47
Calculate (26 - (9 - (-10 - -6 - -4))) + -8.
9
Calculate -71 - (-3 + 58 + -85).
-41
Evaluate -128 + 141 - (0 - (-3 - 48 - 2) - -7).
-47
(-102 - -78 - -43) + (-1 - -2 - 10)
10
Calculate 1152 + -1290 + (-2 - -69).
-71
(173 - 219) + 4 + (-6 - -13)
-35
Evaluate -9 + (3 - (15 + 3)) + (88 - (82 - 94)).
76
Evaluate 0 + (-46 - (16 - 20)) + 100.
58
Calculate -3 - (-10 - ((-1 + -7 - 2) + 8)).
5
What is -12 + 20 + 5 - (0 + (-11 - -3 - 31))?
52
Evaluate 2813 + -2894 - (-165 - -1).
83
Evaluate 10 - (6 - ((8 - (16 + -1) - -12) + -8)).
1
What is 0 - 101 - (18 - (52 - 31) - 2) - -12?
-84
0 + 17 - (-5 + 15 + -9 - 3)
19
-12 - (-4 + (-11 - 1) + 17 - -85)
-98
-11 - -5 - -11 - (583 - 648)
70
What is the value of (-21 - 5 - -19) + (4 + -5 + 2 - 55)?
-61
What is 16 + -8 + (20 - 1) + -15 + 0?
12
-229 - (210 - 147 - 145)
-147
What is the value of (22 + -44 - -16) + (-1 - -13 - (3 - 2))?
5
What is -48 + 7 + (178 - 170) + (0 - 23)?
-56
Evaluate (-8 - 0) + (18 - (19 - -8) - (-71 - 1)).
55
What is the value of (56 - (-12 + 46)) + 44?
66
Calculate 20 + (-5 - 17 - -3) - -2.
3
What is the value of 0 + 24 - (-4681 + 4702)?
3
Calculate -8 - -23 - (3 + 1 + -8 + (-156 - -225)).
-50
2 - (-35 + (-6 - -4))
39
Calculate -35 - (11 + -1 + 48) - -41.
-52
What is the value of 67 + (33 - (25 - 7)) + 12?
94
What is -12 + (-5 + -6 - -32 - 24) - 18?
-33
0 + -6 + ((-11 - 5 - -25) + -12 - 6)
-15
Calculate 5 + -32 + (-2 - -28).
-1
Evaluate -8 - (0 + -12 - (-12 + -34 + 6)).
-36
Evaluate (-37 - (-41 - 19 - 20)) + -40.
3
-13 - -4 - (9 - -79 - (38 - 14))
-73
34 + -114 + (13 + -9 - -14) + 15
-47
Evaluate (-194 - (39 - 30)) + 71.
-132
71 - 0 - ((53 - 87) + 21 